-25*d = 21*d + 3*d - 3574795. Is d a prime number?
False
Let h = 1707 + 10554. Suppose h = 3*k + n + 2*n, 2*n + 20428 = 5*k. Suppose 3*b + 2039 = r, -2*r + k = -0*r - 2*b. Is r a composite number?
True
Let t(y) be the third derivative of -y**4/24 + 5167*y**3/6 + 27*y**2. Is t(0) composite?
False
Let t(j) = 1242*j + 10 - 175 + 322. Is t(6) a composite number?
True
Suppose -3*z = o - 3, -6*o = -4*o + 2*z + 14. Let u be 6646/1 - (o/3 + 8). Suppose -n - n = 5*d - 4411, -3*n + d + u = 0. Is n composite?
False
Let z(h) = h + 9. Let w be z(-4). Suppose 4*d = -3*x + 31, -5*d - 6 + 51 = w*x. Suppose x*k + 181 = 3116. Is k prime?
True
Suppose 5*r + 545 = -5*g, 9*g - 4*r = 4*g - 536. Let d(z) = 11*z**2 + 5*z + 27. Let n be d(10). Let t = n - g. Is t composite?
True
Is (-1396576)/(-64) + ((-9)/6)/3 prime?
True
Let r(a) be the second derivative of -a**4/3 + 47*a**3/6 - 3*a**2 - a. Let s(z) be the first derivative of r(z). Is s(-19) composite?
False
Let y(u) = 4628*u**2 + 6 + 22*u + 16*u - 33*u. Is y(-1) a composite number?
True
Let x be (-1)/6 - 10/120*-74. Suppose -3*h = t - x*h - 3262, -3*h + 16400 = 5*t. Is t a prime number?
False
Let s(l) = -127*l - 1. Let y be s(2). Let n = -505 - -1203. Let a = n + y. Is a a prime number?
True
Let u(i) = -46*i**3 - 38*i**2 + 20*i + 115. Is u(-16) a composite number?
True
Let m(g) be the second derivative of -g**5/20 - g**3/3 + 379*g**2/2 + 29*g. Is m(0) a prime number?
True
Let n be 3/(-9) + 604/(-6) + -4. Let t = 107 + n. Suppose 2*a = a - 5*l + 840, -t*l = -4*a + 3250. Is a composite?
True
Let o be -11 + 2 + -4 - -2. Let c(k) = k + 5. Let a(f) = 32*f - 31. Let w(l) = -a(l) - 5*c(l). Is w(o) a prime number?
False
Suppose -237359 = -4*v - 4*h - 48615, -5*v = 3*h - 235936. Is v composite?
False
Suppose 49*z - 30*z - 2180117 = 0. Is z a prime number?
True
Let m(a) = a**3 - 50*a**2 + 266*a - 149. Is m(64) prime?
True
Let q = 19605 + -412. Is q composite?
True
Suppose 2*t - 9 = -w - 2*t, -3*w - t - 6 = 0. Let s(u) = 4*u**2 + u + 2. Let h be s(w). Suppose 2*d = -3*l + 49, -3*d + h + 36 = 2*l. Is d composite?
False
Let g be (6/(-21))/((-1)/14). Suppose 2*f + 137 = g*f + 5*d, f - 5*d - 91 = 0. Let z = f + 103. Is z prime?
True
Let q = 44 + -50. Is (q/(-4))/((-24)/(-23440)) a prime number?
False
Let m(i) = i**2 + 11*i + 7. Let x be m(-11). Let y be 3*x/21*(0 + 3). Is 0 + (y/6)/((-3)/(-222)) a prime number?
True
Suppose -7*n = -12*n + 10710. Let i = 4087 - n. Is i prime?
False
Let c = 147 + -255. Let x be 0 + 2 + (-875 - -4). Let m = c - x. Is m composite?
False
Suppose 2*g - 4 = -4*a + 4, a - 2 = 4*g. Suppose -3*y = 2*h - 9815, -4*y + 13096 = -g*y + 5*h. Is y prime?
False
Suppose -2*c + 4*c - i = 2, 0 = -c - 4*i - 8. Suppose -4*l + 15 + 1 = c, -5*l + 36 = 4*u. Suppose 0*z = u*z - 1652. Is z composite?
True
Let y be (-1)/((-3)/9) + 58001. Suppose 4*u - y = 26040. Is u a prime number?
True
Is 55/33*235464/40 a composite number?
False
Suppose 3*k - 3095 = l, -5*l - 6178 = -3*l - 2*k. Let d = -2077 - l. Is d composite?
False
Suppose 3*v - 5*i = 145306, -4*v + 114153 = 3*i - 79598. Is v a prime number?
True
Suppose 5*g + 44240 = -586*p + 591*p, -g = -5*p + 44244. Is p composite?
False
Suppose -14 - 13 = -s. Let p = s - 23. Is (-7 + 13)/(p/146) prime?
False
Suppose -s = 3*t - 389589, 113*s = -t + 114*s + 129863. Is t a composite number?
True
Is (1*31638/24)/((-4)/(-16)) composite?
False
Let v be (-268485)/(-10)*(-36)/7. Is (2/(-1))/(-7 - v/19726) a prime number?
False
Suppose 2*m = -0*y + 2*y + 8, -5*m + 17 = -2*y. Let w be m - -263 - (-6)/(-3). Suppose q - 29 = w. Is q a prime number?
True
Is (973142/(-152))/((-5)/20) a composite number?
False
Let v(k) = 5*k**2 - 6*k + 9. Let g be v(5). Let o = 110 - g. Let j(h) = 25*h - 31. Is j(o) composite?
True
Suppose -308*w + 625*w = 308*w + 12438189. Is w composite?
False
Is (-4)/(-5) - 2574025/(-125) a prime number?
True
Let a(k) = 3*k**2 - 2*k - 2. Let b = -50 + 49. Let n be a(b). Is 1/n - (32888/(-12) + 0) a prime number?
True
Is 18 - 264/16 - (-98363)/2 prime?
False
Is (-489665)/(-435) - ((12/(-9))/(-2) - 1) a prime number?
False
Let v(j) = 34*j**2 + 5*j - 2. Let b be 6*(5 - 9/2). Is v(b) a prime number?
False
Suppose -492*n + 2*m = -496*n + 1979374, m - 2474216 = -5*n. Is n composite?
False
Suppose 7*i + 3*i - 281253 = 82157. Is i composite?
False
Let y = -125838 + 437285. Is y a prime number?
True
Suppose 46*s - 14*s = -59488. Let j = s + 3613. Is j composite?
True
Let o be (-4 - 0 - 3)*(-20)/28. Is (11525/o)/(-5)*-2 a composite number?
True
Let n = 36182 - 12441. Is n composite?
False
Suppose -131*b + 102987426 = -40900128 - 53022345. Is b composite?
True
Let l(x) = 3*x + 55 + 3*x - 27. Let s be l(-4). Suppose -3*i + 226 = -s*j + 9162, 4*j = 5*i + 8928. Is j composite?
False
Let h(d) = -90212*d + 2433. Is h(-17) a composite number?
False
Suppose 36 + 3 = -13*y. Let v be 0 + (1049 - (1 + 3 + y)). Suppose -3*x + v = -503. Is x composite?
True
Is 47469 - ((-3)/8 + (-1102)/304) a prime number?
False
Suppose 18*v = 15*v. Suppose -10 = 5*q, v*u = -u - 4*q + 413. Let t = u + -84. Is t a prime number?
True
Let p(o) = 112825*o**3 - 2*o**2 + 8*o - 27. Is p(2) a composite number?
True
Is (-14)/21*(1 + 11/(-2)) - -78796 a composite number?
True
Is -1*(-4)/30 - 2288932/(-60) prime?
True
Suppose 0*r + 5*z = 2*r - 26, -4*r + 8 = z. Let m be r/21 - 375/(-21). Suppose -3935 = 13*t - m*t. Is t composite?
False
Suppose -3*k = -4*m - 66, -k = -2*m - 2*k - 38. Is 1 + 4190 - -2*m/(-9) a prime number?
False
Suppose 2*q = -3*j - 3*q + 4, -16 = -4*j + 4*q. Suppose 0 = 4*i + 6*m - m - 10219, 2*i - 5093 = j*m. Is i composite?
False
Suppose -2*i = 2*i, -4*i - 9 = -3*r. Suppose -5*s - 1744 = -w - 8*s, 2*w - 3533 = r*s. Is w a prime number?
True
Suppose 2*f - 2289 = 519. Let n = f + -738. Is ((-82)/(-3))/(12/n) a composite number?
True
Let q = -469 - -990. Suppose 139*y - 9498 = 133*y. Suppose 3*z - 3*p + 7*p = y, z + 3*p = q. Is z composite?
True
Let l(g) = 75*g**3 + g**2 + 16*g - 58. Let a be l(4). Suppose 434 = -4*y + a. Is y composite?
False
Suppose 2*h - 3*h - 4*w + 20 = 0, -2*w + 10 = -5*h. Suppose -i + g = 3*i - 1088, 4 = -g. Suppose -z + i - 108 = h. Is z a prime number?
True
Let i be 26*(-6 - -4 - 14). Is 1 - (-3 - 2) - i a composite number?
True
Let u = -35387 + 65840. Is u a prime number?
False
Suppose 1484 - 176 = 4*g - 4*h, -h = g - 325. Suppose -5*i = -319 - 356. Let q = g - i. Is q prime?
True
Let b(u) = u**2 - 10*u - 141. Let a be b(-9). Suppose -a*j + 350 = 5*j. Is j prime?
False
Let r(c) = 4*c**3 - 16*c**2 - 30*c - 35. Suppose 0 = w + 2*y - 17, -18*w = -16*w + 2*y - 34. Is r(w) a prime number?
False
Suppose 3*z = 4*c + 283942, 5*c - 2072 - 92607 = -z. Suppose 40*y = 54*y - z. Is y composite?
False
Let n(k) = 4*k**2 + 2*k - 1. Let f be n(-1). Let h be (8/(-12)*f)/((-1)/6). Suppose 3*b - 959 = -2*l, h*b + l = 2*l + 1275. Is b prime?
False
Suppose -4*p = 4*b + b, 2*p = -3*b. Suppose 0 = 5*d - b*d - 5870. Is (d - -12)*(-1)/(-2) a prime number?
True
Let k = -209946 - -341027. Is k a prime number?
False
Let a = -10 - -9. Let y(r) = -5*r**3 + 9*r**2 - 13*r + 5. Let j(b) = -b**3 - b**2 - 1. Let t(u) = a*y(u) + 6*j(u). Is t(-16) a prime number?
True
Is (-240190)/(-50)*-5*-1 a composite number?
False
Suppose -5*n + 9583741 = 21*x - 20*x, -2*x - 5750229 = -3*n. Is n prime?
False
Suppose -3*u = 5*m - 776357, 0 = 4*m - 4 - 12. Is u a composite number?
False
Let c = -35661 + 102388. Is c a composite number?
True
Let t = -37460 + 62469. Is t a prime number?
False
Let o = 6196 - 3403. Is o - (8 - 8 - -4) a prime number?
True
Let n(q) be the third derivative of 691*q**5/60 + 477*q**2. Suppose 4*v - 12 + 1 = -5*a, -v + 5 = 2*a. Is n(v) composite?
False
Let x(k) = -4*k**3 - 57*k**2 - 232*k - 24. Is x(-25) prime?
False
Suppose -36*a + 41*a = -5*j + 14097935, -2*j + 5639174 = -5*a. Is j a prime number?
True
Let h be 18/90 - 1/5. Suppose h*z = -u + 5*z + 13, 0 = z + 1. Is (u/(-4) - -3)*293 a composite number?
False
Let u be 186/(-15) + (-12)/(-30). Let z be (-6)/18 - 14/u*2. Suppose k - 2489 = -4*m + 2*k, -2498 = -4*m - z*k. Is m prime?
False
Let b(r) = -13557*r - 698. Is b(-7) a prime number?
True
Let v be 340*4/(-6)*18/12. Let a = v + 130. Let s = -79 - a. Is s a composite number?
False
Is (-449)/(375/225 + 1